99188291 a composite number?
False
Is 3349916021 prime?
True
Is 5117291999 a prime number?
False
Is 757196809 a prime number?
True
Is 8993793895 a composite number?
True
Is 622820123 prime?
False
Is 7768950571 prime?
True
Is 4569650357 a prime number?
True
Is 2548520209 a composite number?
False
Is 1885446677 prime?
False
Is 2428962427 a prime number?
False
Is 8795614123 prime?
False
Is 968894489 composite?
True
Is 15954617717 composite?
False
Is 258351469 composite?
False
Is 145100498629 composite?
False
Is 35402700037 a composite number?
True
Is 12545671687 composite?
False
Is 6403894177 a prime number?
False
Is 1208807129 composite?
False
Is 65198961427 composite?
False
Is 402841466267 a prime number?
True
Is 1362110879 a prime number?
True
Is 11896006153 a composite number?
True
Is 656252059 a composite number?
False
Is 75400589629 a prime number?
True
Is 48733579243 composite?
True
Is 1964018321 a prime number?
True
Is 484323617 prime?
False
Is 5005319083 prime?
True
Is 25837371457 composite?
False
Is 5677180267 a prime number?
False
Is 276844556465 a prime number?
False
Is 16166145319 a composite number?
True
Is 12969379099 composite?
False
Is 2422627069 composite?
False
Is 13394531933 a composite number?
True
Is 31966877 a prime number?
True
Is 3860661319 composite?
True
Is 844371961 a prime number?
False
Is 35046337371 composite?
True
Is 40256536613 composite?
False
Is 845979083 a prime number?
True
Is 5535538387 a composite number?
False
Is 434439007 a prime number?
False
Is 136844467 prime?
False
Is 262265957 a composite number?
False
Is 3048906797 a prime number?
True
Is 33707982923 prime?
False
Is 59731571 a prime number?
True
Is 16360198817 prime?
True
Is 15790523473 a composite number?
False
Is 1773422543 composite?
True
Is 639648871 composite?
False
Is 24977794301 prime?
False
Is 4470120717 prime?
False
Is 1098652621 composite?
True
Is 391521491 composite?
False
Is 802254883 a composite number?
False
Is 19377637709 a composite number?
True
Is 236483929 prime?
False
Is 6141220597 prime?
True
Is 16852782509 composite?
True
Is 7831906793 a prime number?
True
Is 32344698959 a composite number?
False
Is 1792574339 composite?
False
Is 99543799 a prime number?
True
Is 44732993 prime?
False
Is 23070553691 a composite number?
False
Is 4294506641 a prime number?
True
Is 3037440823 a prime number?
False
Is 32626576373 a composite number?
False
Is 2654727463 composite?
True
Is 7594826251 a composite number?
True
Is 1181493219 a composite number?
True
Is 23261278567 a composite number?
False
Is 12316613537 a composite number?
True
Is 4931699 prime?
True
Is 12357507179 a prime number?
False
Is 69503169299 a composite number?
False
Is 469775311 a prime number?
False
Is 20294562019 composite?
True
Is 169470892049 composite?
True
Is 25231606126 prime?
False
Is 6779640863 composite?
True
Is 17865771199 composite?
False
Is 2172057847 a composite number?
True
Is 3881886863 prime?
True
Is 10615342558 composite?
True
Is 6702697961 prime?
True
Is 1080054169 a prime number?
True
Is 43641407461 a composite number?
False
Is 16379969083 composite?
True
Is 7054095707 a prime number?
False
Is 4672298747 a prime number?
True
Is 864846709 a composite number?
True
Is 163167701633 composite?
False
Is 26615626909 composite?
True
Is 167583583 prime?
True
Is 55312295473 a composite number?
False
Is 7120065005 prime?
False
Is 7652632499 prime?
True
Is 271830569 a prime number?
False
Is 11258258659 prime?
True
Is 1291519351 prime?
False
Is 113720877589 a prime number?
False
Is 9484235 composite?
True
Is 392814629 a composite number?
False
Is 1810500127 a prime number?
True
Is 506894347 composite?
True
Is 15899037649 a composite number?
True
Is 4811351191 a composite number?
False
Is 2724853477 composite?
True
Is 1396119649 a prime number?
True
Is 31321621907 a prime number?
False
Is 1336482391 a prime number?
True
Is 269149393 composite?
False
Is 14084619379 a prime number?
True
Is 6068819 composite?
False
Is 4023188237 composite?
False
Is 245023711 composite?
False
Is 215671606783 composite?
False
Is 1040829733 composite?
True
Is 4244797 prime?
False
Is 1973128427 a prime number?
True
Is 47448320453 a prime number?
True
Is 238207903 a prime number?
False
Is 436619251 a composite number?
False
Is 34032113363 prime?
True
Is 3302941691 composite?
True
Is 11611615363 a composite number?
False
Is 7222728389 a prime number?
True
Is 10746233011 composite?
True
Is 9519067717 a prime number?
False
Is 19673838055 prime?
False
Is 3001998121 composite?
True
Is 139713573397 composite?
False
Is 17085501967 prime?
True
Is 158726713841 prime?
False
Is 50226707 composite?
False
Is 10446759979 a prime number?
False
Is 63094116223 composite?
False
Is 996365077 a composite number?
False
Is 93520837 composite?
False
Is 41599160951 composite?
False
Is 1819711513 prime?
True
Is 58684007 composite?
True
Is 122707427957 prime?
True
Is 22455002357 prime?
True
Is 5854033877 prime?
False
Is 4301104319 a composite number?
False
Is 301384997 a composite number?
False
Is 11155126469 a composite number?
False
Is 198255067 a composite number?
False
Is 19829444189 composite?
True
Is 187007987 prime?
True
Is 481660961 a prime number?
True
Is 5569485863 a composite number?
False
Is 19125246137 composite?
True
Is 203670240295 a prime number?
False
Is 33552809 prime?
True
Is 19124034947 a composite number?
True
Is 358724369 a composite number?
True
Is 398280611 composite?
True
Is 1349606711 a prime number?
True
Is 1146865799 a composite number?
True
Is 6799090061 a composite number?
False
Is 164931939265 composite?
True
Is 55597870561 a prime number?
False
Is 602981299 composite?
True
Is 1455376693 a prime number?
False
Is 908993347 a composite number?
True
Is 1038311819 a prime number?
True
Is 34093259 a composite number?
True
Is 1942982791 a prime number?
True
Is 49936994021 a prime number?
True
Is 405643471 prime?
False
Is 2196266249 a composite number?
True
Is 5278668013 a prime number?
True
Is 4442175097 prime?
False
Is 8809124809 prime?
True
Is 828454643 composite?
False
Is 12997451039 a prime number?
True
Is 13125982061 prime?
False
Is 1288090493 a composite number?
True
Is 243072971 prime?
False
Is 2348905501 a prime number?
True
Is 6175019491 a prime number?
True
Is 375833701 composite?
True
Is 67350375109 prime?
False
Is 4946485681 composite?
True
Is 33303837493 composite?
True
Is 29682575627 prime?
True
Is 6946404437 prime?
False
Is 13502558053 a composite number?
False
Is 50060385013 a composite number?
True
Is 110665759 prime?
False
Is 7088938249 a composite number?
False
Is 7972251733 composite?
True
Is 2384120917 a composite number?
False
Is 13264466623 prime?
False
Is 10199554007 prime?
True
Is 359234143 a composite number?
False
Is 26436079 a prime number?
False
Is 8661734131 composite?
False
Is 8731452707 a composite number?
True
Is 53429923 composite?
True
Is 283473401 a prime number?
False
Is 784077719 composite?
True
Is 27807811663 a prime number?
True
Is 10834749097 prime?
True
Is 4560112621 prime?
True
Is 659799667 a composite number?
True
Is 5073383507 composite?
False
Is 4282240895 a prime number?
False
Is 658372621 composite?
True
Is 659948605 a prime number?
False
Is 12267055657 prime?
False
Is 4358812795 prime?
False
Is 2681121239 a prime number?
False
Is 1751056673 prime?
True
Is 153101647 a composite number?
False
Is 24893330255 composite?
True
Is 3014018027 prime?
True
Is 356311634821 a prime number?
True
Is 3905919715 prime?
False
Is 5627746379 prime?
False
Is 5270741207 composite?
False
Is 78757457363 a composite number?
True
Is 3836126269 a composite number?
True
Is 1371383743 prime?
True
Is 2354861651 prime?
True
Is 8469389113 composite?
False
Is 522473641 a prime number?
False
Is 3323989841 prime?
True
Is 61950511 a prime number?
False
Is 6024468767 a prime number?
False
Is 10106511143 a prime number?
True
Is 1851996401 a prime number?
False
Is 14498655027 a prime number?
False
Is 4103083 composite?
False
Is 1176616301 a composite number?
True
Is 14905745989 prime?
False
Is 19440458789 a prime number?
True
Is 5712037921 prime?
False
Is 15561615233 a composite number?
True
Is 1149089167 a composite number?
False
Is 7951949147 prime?
False
Is 3052312639 prime?
Tru